he units digit of x?
9
Let g(y) = 9*y - 12. What is the units digit of g(8)?
0
Suppose -2*s = 2*s + 16. Let t be (15/s)/((-1)/4). Let k = t + -7. What is the units digit of k?
8
Let q(w) = 20*w**2 - 5*w - 7. What is the tens digit of q(-2)?
8
Let j(s) = 12*s + 4. Let g be j(-3). Let z be g/(-18) - (-4)/18. Let a = 17 - z. What is the units digit of a?
5
Suppose -62 = -2*d - d + 5*t, 4*d - 101 = 3*t. Let k = -5 - 8. Let y = k + d. What is the tens digit of y?
1
Let x = -108 - -280. What is the hundreds digit of x?
1
Let m be 1/(2/116*-2). Let c(n) = n**3 - 8*n**2 - 4*n + 12. Let g be c(8). Let o = g - m. What is the units digit of o?
9
Suppose -3*v - 30 = -0*v. Let i(f) = f**3 + 11*f**2 + 9*f - 7. What is the units digit of i(v)?
3
What is the units digit of (-4)/8 + (-13)/(-2)?
6
Let z(d) = -d**2 - d - 1. Let x be z(-2). Let l(t) = 2*t**2 + t + 7. Let h(c) = -3*c**2 - c - 8. Let m(o) = x*h(o) - 4*l(o). What is the units digit of m(3)?
2
Suppose w = -3*y + 3, 5*y + 3*w - w = 6. Suppose 0 = 4*s - y*s - 88. What is the units digit of s?
2
Let s(x) be the third derivative of -x**5/60 - 7*x**4/24 - x**3 - x**2. Let g be 132/(-30) - 2/(-5). What is the units digit of s(g)?
6
Let v = 12 - 21. Let g be (-2)/(-6)*(0 - v). Suppose g*a + 22 = 5*a. What is the units digit of a?
1
Suppose -15 = 5*a + 5. Let m(n) = n**3 + 6*n**2 + 5*n + 6. What is the tens digit of m(a)?
1
Let l(a) = 3*a - 1. Let y be l(3). Suppose 5*p + y = -2. What is the units digit of (3/6 - 3)*p?
5
What is the hundreds digit of (-4238)/(-13) - (-10)/(-2)?
3
Let a(v) be the second derivative of -v**4/12 + 5*v**3/3 + 7*v**2/2 - v. What is the tens digit of a(9)?
1
Suppose v + 0*v = 12. Let c = 22 - v. What is the tens digit of c?
1
Suppose -3*d = -5*a - 13, 4*d - 9 + 3 = a. What is the units digit of 15*d + (-3 - -5)?
7
Let b = 14 + -4. What is the units digit of b?
0
Suppose -4*s = -2*a - 18, 3*a - 6*a = -4*s + 21. What is the tens digit of s + -54*(-4)/8?
3
Let n be 25/4 + (-4)/16. Suppose -4 = -t - n. What is the units digit of t/(-6)*(-15)/(-1)?
5
Suppose -3*l + 2*m = -4*l + 39, -5*m - 195 = -4*l. What is the tens digit of l?
4
Let l be 30/6*(1 - 0). Suppose -l*f + 90 = 5*o, -o + 5*f - f = 2. Suppose -26 = -4*s - 2*q, -3*q = -s - q + o. What is the units digit of s?
8
Suppose -8*t + 5*t = -6. Suppose t*p = -3*p - 30. Let x(s) = -s + 4. What is the units digit of x(p)?
0
Let p be 6/(-4)*32/(-6). Let h(j) = -j**3 + j**2 - 2*j + 23. Let z be h(0). Let i = z - p. What is the tens digit of i?
1
Let k(g) = 2*g - 2. Let o(c) = -c. Let s(w) = k(w) + 5*o(w). Let p(r) = r**3 - 9*r**2 - 10*r - 4. Let d be p(10). What is the tens digit of s(d)?
1
Let q be (-59)/(-3) - (-3)/9. Suppose 2*a + 2*j = q, -3*a - j + 34 = a. What is the units digit of a?
8
Let t(a) = 7*a + 0 - a + a**2 - 2. What is the units digit of t(-7)?
5
Let c(m) = 4*m + 9*m + 3*m. Let h be c(1). Let a = h + -10. What is the units digit of a?
6
What is the units digit of ((-1)/2)/(6/(-204))?
7
Suppose -16 = -4*x - 2*q, 4*x - 4*q - 6 = -2. Suppose 2*i = x*h - 3 - 17, 2*h + 2*i - 30 = 0. What is the tens digit of h?
1
Let w be (-3)/(-12) - 483/12. Let u = w - -62. What is the tens digit of u?
2
Let r be (7/(-4))/(5/(-20)). Suppose -r = -z + 3. Suppose 2*a + 0*a = z. What is the units digit of a?
5
Suppose -1 - 1 = -b. Suppose 0 = -2*w - v + 16, 0 = -3*w - b*v + 6 + 20. Suppose 0*y + w = 3*y. What is the units digit of y?
2
Let p = 79 - -13. What is the tens digit of p?
9
Let v = 0 + 0. Let z(c) = c**2 + c - 9. Let i be z(v). What is the units digit of (24/i)/(2/(-6))?
8
Suppose 0 = p - 3. Let h be p*-1 + (38 - -5). Suppose -20 = -4*k, -h - 10 = -4*w - 2*k. What is the tens digit of w?
1
Let w(h) = -h**3 + 21*h**2 - 15*h + 21. What is the tens digit of w(20)?
2
Suppose -5*g + 3*g - 2 = 0. Let q be g*(0 + (-2 - -1)). Suppose 21 = 5*k + 3*d, q = -k + 3*d - 2. What is the units digit of k?
3
Suppose -5*m + 3*m = 10. Let d(h) = -2*h + 4. Let z be d(m). Let k = 23 - z. What is the units digit of k?
9
Let r(q) = -2*q**3 - 4*q**2 + 1. What is the units digit of r(-3)?
9
What is the hundreds digit of 3/(45/(-40))*231/(-2)?
3
What is the tens digit of 4 + (4 - 1) + 26?
3
Let c be (-1 + (-2)/(-4))*-4. Let w = c - 1. Suppose 0 = -5*y + w + 14. What is the units digit of y?
3
Suppose 5*r + 14 = 424. Suppose 2 = x, 4*f + x - r = 2*x. What is the tens digit of f?
2
Suppose 16 = -4*f - 0*f. Suppose -3*w - 2*w = 30. Let l = f - w. What is the units digit of l?
2
Let s = -5 + 8. Suppose -51 = -s*y + 3*w - 15, 0 = y + w - 10. What is the tens digit of y?
1
Let l be 0 - (-1)/(2/4). Let t = l - -12. What is the units digit of t?
4
Suppose 0 = -3*i - 4*b + 37, 4*i + 4*b + b = 50. Suppose -3*p - 22 = -2*u - 2, -3*u + i = 3*p. What is the units digit of u?
7
Let o(w) = 3*w + 5. Let b be o(-5). Let x = 16 + b. Suppose -2*g = x - 26. What is the units digit of g?
0
Suppose 233 = 2*u - 177. What is the hundreds digit of u?
2
Let x = 1 - -4. Suppose -9 - 6 = -x*i. Suppose -4*r + 7*r = -q, 4*q - 15 = i*r. What is the units digit of q?
3
Let d(a) = a**2 + 6*a - 4. Let m be (-28)/6*(-6)/(-4). What is the units digit of d(m)?
3
Let p(u) = u**3 + 10*u**2 - u. Suppose 0 = -3*j + 5 + 4. Suppose -w - j*w = 40. What is the units digit of p(w)?
0
What is the tens digit of (3/9)/(1/102)?
3
Suppose -h + 7 = i, 17 = 3*i - 0*i + h. Suppose 3*p + 4*l = -10, 20 = p - 6*p - i*l. What is the units digit of ((-16)/p + -2)*9?
6
Suppose -3 - 7 = -5*d. Suppose d*u = 34 - 6. What is the units digit of u?
4
Let j be 2/9 + (-7)/(-9). Suppose -4*r + 57 = j. What is the tens digit of r?
1
Suppose -g = 3*a - 1, 0 = 5*a - g - 3*g - 30. Let j be 1/(a/4) - 2. Suppose -5*m + 28 + 12 = j. What is the units digit of m?
8
Suppose 20 = -4*w, -2*d + w = -0*w - 5. Suppose j - 26 = -d*j - 4*p, -4*j + 4*p + 44 = 0. Let s = 0 + j. What is the tens digit of s?
1
Let g = 65 - -155. What is the tens digit of g?
2
Suppose 0 = -2*r + 5*o + 129, -4*r + 300 = -2*o + 6*o. What is the tens digit of r?
7
Let q be 3 + 16 + -2 - -3. Suppose 0 = 5*h - q, 0*a - 10 = -2*a + 3*h. What is the units digit of a?
1
Suppose 41 = x + 2*b, 2*x - b = 2*b + 75. What is the tens digit of x?
3
Let o = -80 + 57. Let k = 16 + -29. Let q = k - o. What is the tens digit of q?
1
Suppose 3*a - 18 = -57. Let p be -93*(12/(-9) + 1). Let n = p + a. What is the tens digit of n?
1
What is the units digit of 2/(-3) - (-17)/3?
5
Suppose -2*o = 3*g - 403 + 12, 4*g = -5*o + 526. What is the hundreds digit of g?
1
Let r = 125 - 61. What is the units digit of r?
4
Let f be ((-12)/14)/((-1)/(-7)). Let m = -6 - f. Suppose h - 2*h + 23 = m. What is the tens digit of h?
2
Suppose 4*d - g - 4*g = 15, 2*d - 6 = 2*g. Let l(p) = p**2 - p + 24. What is the tens digit of l(d)?
2
Let m = 18 + -15. Suppose -m*b + 2*h + 127 = 0, 2*b - 4*h - 94 = -5*h. What is the tens digit of b?
4
Let b(u) = -25*u**3 + u**2. What is the units digit of b(-1)?
6
Let b = -18 + 6. Let v = -14 - -10. Let u = v - b. What is the units digit of u?
8
Let q = -2 - -4. Suppose -q*m + 9 = -9. What is the units digit of m?
9
Suppose 0 = -2*d + 2, a - 201 = -3*a - d. What is the units digit of a?
0
Let k(z) = -z**2 + 2*z. Let g(i) = -2*i**2 + 2*i + 1. Let o(h) = -2*g(h) + 3*k(h). Let q be o(-2). What is the units digit of q/(-2) + 16 + 3?
0
Let v(u) = 2*u - 3 + 0*u + 0. Suppose 2*y - 10 = -0*y + s, -5*s = 5*y + 5. What is the units digit of v(y)?
3
Let f(g) = g**2 + 8*g - 3. Let k be f(-7). What is the tens digit of (-146)/(-8) - k/(-40)?
1
Suppose -q + 0*q = -3. Suppose 19 = q*v - 3*h + 7, 0 = -3*v - h. What is the tens digit of 1/((-20)/22 + v)?
1
Suppose -2*s + 137 = -o + 21, -s + 52 = o. What is the tens digit of s?
5
Let t = 128 - 17. What is the hundreds digit of t?
1
Suppose -4*p = -5*p. Suppose p = -2*u + 7*u. Suppose u*t + t + 2*l + 2 = 0, -2*t = -l - 21. What is the units digit of t?
8
Let u = 14 + -9. Let g(k) = 25*k - 1. Let h be g(2). Suppose h = u*y - 56. What is the units digit of y?
1
Let d(r) = -r**2 + 2*r + 5. Let a(t) = t**2 - 3*t - 4. Let j(i) = -i + 11. Let y be j(8). Let q(u) = y*a(u) + 4*d(u). What is the units digit of q(0)?
8
Let q be 1 - 1/(4/(-416)). Let w = -74 + q. What is the units digit of w?
1
Let k = 105 + -49. What is the units digit of k?
6
Let u(